967 prime?
True
Is 19407520657 a composite number?
True
Is 929794783 a composite number?
False
Is 115579193 a prime number?
True
Is 1364431513 composite?
True
Is 177749253673 a composite number?
False
Is 1587713497 a prime number?
True
Is 193201861519 a composite number?
True
Is 21767524067 prime?
False
Is 1080987521 a prime number?
False
Is 1875065891 a prime number?
True
Is 2360666989 composite?
True
Is 1950499021 prime?
True
Is 1627331495 prime?
False
Is 97208749 prime?
False
Is 6991541663 prime?
False
Is 6216092767 a composite number?
True
Is 82200098653 composite?
True
Is 124125773483 composite?
False
Is 877908797 prime?
False
Is 18925449769 a prime number?
True
Is 3133086551 composite?
True
Is 186626809 a composite number?
False
Is 2248372939 a prime number?
False
Is 23154220513 composite?
True
Is 171122009 a prime number?
False
Is 906045737 composite?
True
Is 648916321 a prime number?
True
Is 613503983 a prime number?
True
Is 3170211347 a composite number?
False
Is 588470269 composite?
False
Is 18512326949 composite?
False
Is 2237406697 a prime number?
True
Is 20315223541 composite?
False
Is 79871999 prime?
False
Is 11078998573 a prime number?
False
Is 75013891369 a composite number?
True
Is 2386716701 composite?
False
Is 1372883277 a composite number?
True
Is 2881079447 composite?
True
Is 482343053 prime?
False
Is 373222693 a composite number?
True
Is 13962406261 a prime number?
True
Is 2040906997 prime?
True
Is 22161091903 composite?
True
Is 42826309761 prime?
False
Is 4071509033 composite?
False
Is 1829228239 prime?
True
Is 168243577 prime?
False
Is 37353664829 a prime number?
False
Is 50967220523 prime?
True
Is 91320683 a prime number?
True
Is 28396506133 prime?
False
Is 7734748681 a prime number?
False
Is 2167139747 a prime number?
False
Is 2121580499 a prime number?
True
Is 12261689327 prime?
True
Is 3519588533 prime?
True
Is 8951188943 a prime number?
True
Is 102292848191 prime?
True
Is 11409547273 composite?
False
Is 16990483 prime?
False
Is 1393337339 composite?
False
Is 17805079399 prime?
True
Is 33028097699 prime?
True
Is 2843038047 a composite number?
True
Is 40274291 a composite number?
False
Is 50743364883 composite?
True
Is 29385341 prime?
True
Is 972174319 prime?
True
Is 34145723 composite?
False
Is 135942151 a composite number?
True
Is 41607393361 prime?
True
Is 1904173333 prime?
False
Is 2817744847 composite?
False
Is 93829649 prime?
True
Is 1890715511 a composite number?
True
Is 8381405411 a prime number?
True
Is 10967519159 a composite number?
False
Is 1328920829 prime?
True
Is 3364565606 a composite number?
True
Is 1255005517 a prime number?
True
Is 8263360751 prime?
False
Is 1304934091 composite?
False
Is 17373978239 prime?
True
Is 29416085207 prime?
True
Is 748217963 prime?
True
Is 50647519631 a composite number?
True
Is 600528113 prime?
True
Is 1583586439 a prime number?
False
Is 71440291133 a composite number?
True
Is 168889519 composite?
True
Is 1419109957 composite?
True
Is 281367497 a composite number?
False
Is 157889350321 a prime number?
False
Is 9120843289 prime?
False
Is 47617489 a composite number?
True
Is 288667781 a prime number?
False
Is 3481415701 prime?
True
Is 1733806817 prime?
True
Is 171762716483 a prime number?
False
Is 59120137243 composite?
False
Is 691565821 a composite number?
False
Is 2629925633 a composite number?
True
Is 8540225711 composite?
False
Is 14598572953 composite?
False
Is 1263780163 prime?
True
Is 3767160731 a composite number?
True
Is 68623471619 a prime number?
False
Is 10820745887 prime?
False
Is 168950321 a composite number?
True
Is 5763767387 a prime number?
False
Is 107546442431 a composite number?
True
Is 56347358939 prime?
True
Is 37093596091 prime?
True
Is 2915247113 prime?
True
Is 327780253 prime?
True
Is 41039370689 prime?
True
Is 33255245 a composite number?
True
Is 18758472907 composite?
True
Is 147546718043 a composite number?
False
Is 8751500606 a composite number?
True
Is 1780159363 a prime number?
True
Is 1375483709 a prime number?
True
Is 297443819 composite?
True
Is 1718275661 a composite number?
False
Is 239986517 prime?
True
Is 36543447413 prime?
False
Is 1834839311 a composite number?
True
Is 244900107299 prime?
True
Is 3390975769 prime?
True
Is 1281254011 composite?
True
Is 72186021151 a composite number?
False
Is 23417478611 prime?
True
Is 4229756909 a prime number?
False
Is 34103124667 composite?
True
Is 47753525077 prime?
False
Is 1365323039 a prime number?
False
Is 138941195863 a composite number?
False
Is 1129853927 a composite number?
True
Is 136010440247 prime?
False
Is 36019340277 composite?
True
Is 5708191211 prime?
True
Is 2194351481 a prime number?
False
Is 59103118831 a prime number?
True
Is 24864121523 a composite number?
False
Is 13196984899 prime?
False
Is 1587191233 a composite number?
True
Is 9297862153 prime?
False
Is 17058730587 a prime number?
False
Is 6106686269 a prime number?
True
Is 15928940471 composite?
False
Is 5567983285 prime?
False
Is 17280826769 composite?
True
Is 550380359 composite?
False
Is 419696369 composite?
False
Is 588216023 prime?
True
Is 7012700962 composite?
True
Is 1883812049 composite?
True
Is 229446223729 a prime number?
True
Is 23291757133 composite?
True
Is 2804143151 a composite number?
False
Is 71227526527 a composite number?
True
Is 39643561 composite?
False
Is 284331863 a prime number?
False
Is 102657815569 a composite number?
False
Is 4893279577 prime?
True
Is 81853123771 composite?
True
Is 39432265913 a prime number?
False
Is 50616497 a prime number?
False
Is 12452356597 a composite number?
True
Is 171653453 a prime number?
True
Is 2104967969 a composite number?
True
Is 68182613285 composite?
True
Is 2546692949 a composite number?
True
Is 4036072757 composite?
True
Is 7682688641 composite?
True
Is 68782097 prime?
True
Is 390887971 a prime number?
False
Is 1782213449 composite?
False
Is 40057866385 composite?
True
Is 2391676121 composite?
True
Is 762743287 composite?
False
Is 2924051639 composite?
False
Is 26757443797 composite?
True
Is 3794871939 prime?
False
Is 510708437 prime?
True
Is 6209102453 a prime number?
True
Is 628989371 a prime number?
True
Is 13703387 a prime number?
False
Is 684593903 composite?
True
Is 382018201 prime?
False
Is 8202171589 a composite number?
False
Is 169233373 prime?
False
Is 86456545757 composite?
False
Is 2519480651 a prime number?
False
Is 337438067 a composite number?
False
Is 46790089429 composite?
True
Is 1280846137 a composite number?
False
Is 44122558039 composite?
True
Is 8508236783 a composite number?
False
Is 11328546239 composite?
False
Is 55894051769 a prime number?
True
Is 6731586761 composite?
True
Is 2808657127 composite?
False
Is 1902646891 composite?
False
Is 3537279541 composite?
False
Is 29380392413 a prime number?
False
Is 272581223 prime?
True
Is 48488053027 prime?
True
Is 16901133673 a composite number?
False
Is 10797188549 a composite number?
True
Is 188381281 a prime number?
False
Is 122181817 a composite number?
True
Is 327969503 a composite number?
False
Is 583281103 a composite number?
False
Is 4026233591 a composite number?
True
Is 1296247727 a composite number?
True
Is 94012739 prime?
False
Is 12025474519 a prime number?
True
Is 1521007379 a prime number?
False
Is 48943405031 composite?
False
Is 47856476843 prime?
False
Is 57843560279 a prime number?
False
Is 14282432173 prime?
False
Is 9608149769 a composite number?
False
Is 944159822 composite?
True
Is 981879589 a prime number?
True
Is 102853862 a composite number?
True
Is 374334595 prime?
False
Is 12842977423 a prime number?
True
Is 3210801833 composite?
False
Is 39706477663 a composite number?
True
Is 13642554613 composite?
True
Is 4839618349 a prime number?
False
Is 35784367 a prime number?
False
Is 964137077 a prime number?
True
Is 437259253 composite?
False
Is 60351144547 a composite number?
True
Is 131761183 prime?
True
Is 4567243909 a prime number?
False
Is 82858519 prime?
True
Is 117648469 prime?
False
Is 1920861877 a composite number?
True
Is 42863716541 prime?
False
Is 30085051727 a composite number?
False
Is 3392302327 prime?
True
Is 115588317529 prime?
False
Is 3628094231 composite?
False
Is 23054867569 a composite number?
False
Is 209872910167 a composite number?
False
Is 1